1 is divided by 97204.
3
Calculate the remainder when 129177 is divided by 31898.
1585
Calculate the remainder when 26647132 is divided by 2323.
2322
Calculate the remainder when 45655940 is divided by 591.
8
What is the remainder when 1222559 is divided by 1007?
61
What is the remainder when 351260366 is divided by 18?
14
Calculate the remainder when 187465586 is divided by 18.
14
What is the remainder when 30134 is divided by 9929?
347
Calculate the remainder when 835736 is divided by 5127.
35
What is the remainder when 1107976 is divided by 11541?
40
Calculate the remainder when 447580 is divided by 317.
293
Calculate the remainder when 1995595 is divided by 600.
595
What is the remainder when 161351 is divided by 1391?
1386
What is the remainder when 257755629 is divided by 2107?
2105
Calculate the remainder when 343266 is divided by 74.
54
Calculate the remainder when 673239 is divided by 4674.
183
What is the remainder when 1153685 is divided by 2055?
830
What is the remainder when 48098 is divided by 47596?
502
What is the remainder when 288930 is divided by 88?
26
Calculate the remainder when 8568955 is divided by 59.
31
Calculate the remainder when 64546 is divided by 31608.
1330
Calculate the remainder when 1523223 is divided by 78.
39
Calculate the remainder when 10345953 is divided by 10345953.
0
Calculate the remainder when 220098 is divided by 4991.
494
Calculate the remainder when 27110533 is divided by 69514.
73
What is the remainder when 1554731 is divided by 91454?
13
Calculate the remainder when 264726049 is divided by 155.
154
Calculate the remainder when 2155915 is divided by 4793.
3858
Calculate the remainder when 52321514 is divided by 447.
164
What is the remainder when 15036873 is divided by 629?
628
Calculate the remainder when 1419071 is divided by 40.
31
What is the remainder when 31630 is divided by 1320?
1270
What is the remainder when 757389 is divided by 75687?
519
Calculate the remainder when 277670254 is divided by 502.
500
What is the remainder when 76162 is divided by 1173?
1090
Calculate the remainder when 18510799 is divided by 80.
79
Calculate the remainder when 809860 is divided by 809825.
35
What is the remainder when 40176 is divided by 13208?
552
Calculate the remainder when 13013968 is divided by 699.
685
What is the remainder when 81736 is divided by 1637?
1523
Calculate the remainder when 34289 is divided by 2793.
773
Calculate the remainder when 55655744 is divided by 486.
482
What is the remainder when 59747 is divided by 33?
17
What is the remainder when 278172 is divided by 38493?
8721
What is the remainder when 13650488 is divided by 1102?
14
What is the remainder when 1674484 is divided by 16100?
84
What is the remainder when 357121800 is divided by 1437?
1434
What is the remainder when 3518419 is divided by 94?
93
Calculate the remainder when 17497055 is divided by 742.
695
What is the remainder when 24229223 is divided by 180?
143
What is the remainder when 361907 is divided by 180?
107
What is the remainder when 92825846 is divided by 19?
16
What is the remainder when 1457524 is divided by 1683?
46
What is the remainder when 68690 is divided by 1374?
1364
What is the remainder when 23252 is divided by 11497?
258
What is the remainder when 770209 is divided by 8456?
713
What is the remainder when 1714390 is divided by 573?
547
What is the remainder when 11779457 is divided by 9515?
9402
What is the remainder when 41220444 is divided by 301?
300
What is the remainder when 559176 is divided by 1351?
1213
What is the remainder when 4119971 is divided by 6?
5
What is the remainder when 87306595 is divided by 334?
331
What is the remainder when 4520 is divided by 3370?
1150
What is the remainder when 75526977 is divided by 93?
3
What is the remainder when 1479106 is divided by 279?
127
What is the remainder when 443574 is divided by 110882?
46
What is the remainder when 194589 is divided by 97265?
59
Calculate the remainder when 25593 is divided by 171.
114
What is the remainder when 45068 is divided by 1162?
912
What is the remainder when 327159 is divided by 12292?
7567
Calculate the remainder when 23493963 is divided by 400.
363
What is the remainder when 1101781545 is divided by 3423?
3420
What is the remainder when 41531 is divided by 2266?
743
Calculate the remainder when 85608 is divided by 388.
248
What is the remainder when 6141711 is divided by 1400?
1311
Calculate the remainder when 424064 is divided by 393.
17
Calculate the remainder when 995796 is divided by 140.
116
What is the remainder when 292663 is divided by 453?
25
Calculate the remainder when 993274 is divided by 203.
198
Calculate the remainder when 17138255 is divided by 115.
35
What is the remainder when 1504714 is divided by 6934?
36
What is the remainder when 3497541 is divided by 499642?
47
What is the remainder when 10696300 is divided by 1929?
1924
Calculate the remainder when 674617 is divided by 61.
18
What is the remainder when 729590 is divided by 4647?
11
Calculate the remainder when 24256803 is divided by 44.
43
Calculate the remainder when 1195973 is divided by 108701.
262
What is the remainder when 23312577 is divided by 1371328?
1
Calculate the remainder when 187801478 is divided by 33.
29
Calculate the remainder when 15593 is divided by 15209.
384
What is the remainder when 587637 is divided by 195788?
273
What is the remainder when 512346 is divided by 102435?
171
What is the remainder when 631255 is divided by 2994?
2515
What is the remainder when 117480103 is divided by 2373?
2365
What is the remainder when 288108 is divided by 161?
79
Calculate the remainder when 1446662 is divided by 380.
2
Calculate the remainder when 293738 is divided by 94.
82
What is the remainder when 832022 is divided by 1822?
1190
Calculate the remainder when 7649702 is divided by 956211.
14
What is the remainder when 49183 is divided by 161?
78
What is the remainder when 155849 is divided by 1311?
1151
Calculate the remainder when 1244009 is divided by 310997.
21
Calculate the remainder when 21164 is divided by 20708.
456
What is the remainder when 639558 is divided by 3763?
3611
Calculate the remainder when 108307467 is divided by 807.
804
What is the remainder when 248979 is divided by 30757?
2923
Calculate the remainder when 114258 is divided by 22644.
1038
Calculate the remainder when 43580872 is divided by 1260.
1252
Calculate the remainder when 16834897 is divided by 5142.
5131
What is the remainder when 117486 is divided by 271?
143
Calculate the remainder when 1536717 is divided by 1172.
225
Calculate the remainder when 606457892 is divided by 12.
8
Calculate the remainder when 58448 is divided by 926.
110
Calculate the remainder when 704835 is divided by 27106.
79
Calculate the remainder when 199920391 is divided by 717.
715
Calculate the remainder when 4119150 is divided by 91533.
165
What is the remainder when 2332920 is divided by 3975?
3570
What is the remainder when 1328628 is divided by 1665?
1623
What is the remainder when 634001 is divided by 1349?
1320
What is the remainder when 680668976 is divided by 124?
116
Calculate the remainder when 513891415 is divided by 1316.
1311
What is the remainder when 9845192 is divided by 129542?
0
What is the remainder when 56270369 is divided by 8912?
1
Calculate the remainder when 20342767 is divided by 884468.
3
Calculate the remainder when 2730125 is divided by 306.
299
What is the remainder when 4707999 is divided by 39?
36
Calculate the remainder when 9010571 is divided by 56316.
11
What is the remainder when 1802716 is divided by 450669?
40
Calculate the remainder when 145277779 is divided by 31425.
4
What is the remainder when 227884 is divided by 32549?
41
Calculate the remainder when 4881996 is divided by 52.
28
Calculate the remainder when 25696 is divided by 8229.
1009
Calculate the remainder when 398631 is divided by 161.
156
What is the remainder when 1545040 is divided by 1160?
1080
Calculate the remainder when 18167750 is divided by 6055914.
8
What is the remainder when 784372607 is divided by 16?
15
What is the remainder when 121453 is divided by 2385?
2203
Calculate the remainder when 20238420 is divided by 11.
4
What is the remainder when 5557 is divid